he greatest common factor of 279 and 153?
9
Calculate the highest common factor of 4 and 116.
4
Calculate the greatest common factor of 6368 and 160.
32
What is the greatest common factor of 590 and 8732?
118
Calculate the greatest common divisor of 49 and 245.
49
Calculate the greatest common divisor of 16 and 656.
16
Calculate the greatest common divisor of 80 and 2320.
80
What is the greatest common factor of 37 and 1147?
37
Calculate the greatest common factor of 42 and 98.
14
What is the greatest common divisor of 98 and 70?
14
Calculate the highest common divisor of 176 and 3392.
16
Calculate the highest common divisor of 651 and 465.
93
Calculate the greatest common factor of 72 and 18.
18
Calculate the highest common divisor of 27 and 225.
9
What is the highest common divisor of 72 and 328?
8
What is the highest common factor of 425 and 275?
25
What is the highest common factor of 122 and 305?
61
Calculate the highest common factor of 93 and 713.
31
Calculate the greatest common factor of 576 and 480.
96
Calculate the highest common divisor of 34 and 34.
34
What is the highest common factor of 3120 and 48?
48
What is the greatest common divisor of 720 and 380?
20
What is the highest common factor of 9 and 1125?
9
What is the highest common divisor of 93 and 2976?
93
What is the highest common factor of 3587 and 17?
17
Calculate the greatest common factor of 272 and 1649.
17
What is the greatest common divisor of 1224 and 384?
24
What is the greatest common factor of 1485 and 660?
165
What is the highest common divisor of 1421 and 49?
49
What is the greatest common divisor of 7469 and 77?
77
What is the highest common divisor of 162 and 54?
54
Calculate the highest common factor of 396 and 3916.
44
What is the greatest common divisor of 286 and 702?
26
What is the greatest common factor of 280 and 200?
40
What is the highest common divisor of 119 and 17?
17
What is the greatest common divisor of 817 and 43?
43
Calculate the greatest common divisor of 78 and 1677.
39
What is the highest common factor of 12 and 78?
6
What is the highest common factor of 1271 and 328?
41
What is the highest common factor of 323 and 51?
17
Calculate the greatest common factor of 14 and 7.
7
Calculate the highest common factor of 320 and 30.
10
What is the greatest common divisor of 13 and 3601?
13
Calculate the highest common divisor of 561 and 17.
17
What is the highest common factor of 244 and 61?
61
What is the greatest common factor of 735 and 63?
21
What is the greatest common divisor of 84 and 20172?
12
Calculate the highest common factor of 2072 and 266.
14
What is the greatest common factor of 441 and 9?
9
What is the highest common divisor of 20 and 152?
4
What is the highest common divisor of 495 and 180?
45
Calculate the highest common factor of 327 and 15.
3
Calculate the highest common factor of 125 and 75.
25
What is the greatest common divisor of 27 and 126?
9
What is the highest common divisor of 10 and 185?
5
What is the highest common divisor of 5 and 235?
5
What is the greatest common factor of 109 and 6649?
109
What is the highest common factor of 533 and 1189?
41
Calculate the highest common factor of 16 and 500.
4
What is the highest common factor of 72 and 936?
72
Calculate the highest common factor of 12 and 1308.
12
Calculate the greatest common factor of 15717 and 169.
169
What is the highest common divisor of 15 and 95?
5
Calculate the highest common factor of 117 and 338.
13
Calculate the greatest common divisor of 63 and 36.
9
Calculate the greatest common factor of 828 and 162.
18
What is the greatest common divisor of 696 and 108?
12
What is the highest common factor of 50 and 42950?
50
Calculate the highest common divisor of 38 and 9671.
19
Calculate the greatest common divisor of 689 and 1961.
53
Calculate the greatest common factor of 40 and 1328.
8
Calculate the highest common divisor of 35290 and 10.
10
What is the highest common factor of 16580 and 60?
20
What is the highest common divisor of 3 and 8?
1
Calculate the greatest common divisor of 460 and 10235.
115
What is the greatest common divisor of 5 and 2640?
5
What is the highest common divisor of 860 and 140?
20
Calculate the greatest common factor of 35 and 2135.
35
What is the highest common divisor of 836 and 66?
22
Calculate the greatest common divisor of 175 and 70.
35
Calculate the greatest common divisor of 9 and 15021.
9
What is the greatest common factor of 2 and 362?
2
Calculate the greatest common factor of 27 and 153.
9
What is the highest common factor of 288 and 1272?
24
Calculate the greatest common divisor of 1292 and 38.
38
Calculate the highest common factor of 198 and 242.
22
Calculate the highest common factor of 1003 and 59.
59
What is the greatest common factor of 2231 and 1552?
97
What is the highest common factor of 36 and 702?
18
What is the highest common factor of 714 and 918?
102
Calculate the highest common divisor of 2150 and 1935.
215
What is the highest common divisor of 768 and 114?
6
What is the greatest common factor of 280 and 360?
40
What is the greatest common divisor of 27 and 504?
9
Calculate the highest common factor of 13 and 221.
13
Calculate the highest common divisor of 51 and 697.
17
What is the greatest common factor of 18 and 126?
18
What is the greatest common factor of 3392 and 32?
32
Calculate the highest common divisor of 99 and 561.
33
Calculate the highest common divisor of 342 and 18.
18
Calculate the highest common factor of 130 and 208.
26
What is the greatest common factor of 4163 and 905?
181
Calculate the highest common divisor of 42 and 1218.
42
Calculate the highest common factor of 65 and 975.
65
Calculate the greatest common divisor of 175 and 21.
7
What is the highest common factor of 264 and 1936?
88
What is the highest common divisor of 539 and 22?
11
Calculate the highest common factor of 114 and 9500.
38
What is the greatest common divisor of 1104 and 69?
69
What is the highest common factor of 93 and 37789?
31
What is the greatest common factor of 5 and 40?
5
Calculate the greatest common factor of 6 and 98.
2
What is the greatest common factor of 30 and 4425?
15
Calculate the highest common divisor of 352 and 3.
1
Calculate the greatest common factor of 276 and 23.
23
Calculate the highest common divisor of 23 and 8717.
23
What is the greatest common factor of 30 and 280?
10
Calculate the greatest common divisor of 15525 and 23.
23
What is the highest common factor of 315 and 560?
35
Calculate the greatest common factor of 18 and 912.
6
What is the highest common divisor of 8 and 62?
2
Calculate the highest common factor of 37 and 6.
1
What is the highest common divisor of 88 and 2189?
11
Calculate the greatest common divisor of 553 and 21.
7
What is the highest common factor of 30 and 96?
6
Calculate the greatest common divisor of 9 and 9.
9
What is the highest common divisor of 152 and 24016?
152
Calculate the highest common divisor of 11 and 44.
11
Calculate the greatest common divisor of 12229 and 21.
7
What is the highest common factor of 14 and 98?
14
Calculate the greatest common factor of 10380 and 12.
12
Calculate the highest common divisor of 61451 and 163.
163
What is the highest common factor of 971 and 1?
1
Calculate the highest common divisor of 213 and 142.
71
Calculate the highest common factor of 2 and 531.
1
Calculate the highest common factor of 4804 and 4.
4
Calculate the highest common divisor of 570 and 665.
95
What is the greatest common factor of 520 and 13?
13
Calculate the highest common divisor of 87 and 22417.
29
Calculate the highest common divisor of 152 and 418.
38
Calculate the highest common factor of 513 and 81.
27
What is the highest common factor of 216 and 1188?
108
Calculate the greatest common divisor of 7788 and 528.
132
Calculate the greatest common divisor of 3666 and 6.
6
What is the highest common divisor of 23 and 437?
23
Calculate the greatest common divisor of 42 and 42.
42
What is the greatest common factor of 3 and 7?
1
Calculate the greatest common divisor of 2340 and 1260.
180
Calculate the greatest common factor of 31 and 2635.
31
Calculate the highest common divisor of 928 and 2144.
32
Calculate the highest common factor of 64656 and 144.
